 {"id":746,"date":"2021-06-21T17:44:36","date_gmt":"2021-06-21T15:44:36","guid":{"rendered":"https:\/\/residence-dolcevita.iimage.net\/appartamento\/bilocale-con-giardino-piano-terra-cod-42\/"},"modified":"2026-04-19T10:32:42","modified_gmt":"2026-04-19T08:32:42","slug":"zweizimmerwohnung-mit-garten-n-42","status":"publish","type":"appartamento","link":"https:\/\/www.residence-dolcevita.com\/de\/a\/zweizimmerwohnung-mit-garten-n-42\/","title":{"rendered":"Zweizimmerwohnung mit Garten n. 42"},"content":{"rendered":"<p>Die Wohnung kann bis 4 G\u00e4ste beherbergen, liegt im Erdgeschoss und besteht aus unabh\u00e4ngigem Eingang, gut beleuchtetem Wohnzimmer mit K\u00fcche, Doppelschlafzimmer, Badezimmer mit Dusche, Veranda mit Tisch und St\u00fchlen, Privat Garten. Innentreppe zum Kellergeschoss mit einem einzigen kleinen Fenster ohne Blick, zwei zus\u00e4tzliche Betten und Badezimmer mit Dusche.<\/p>\n","protected":false},"featured_media":1468,"template":"","tipologia":[26],"class_list":["post-746","appartamento","type-appartamento","status-publish","has-post-thumbnail","hentry","tipologia-bilocali-de"],"acf":[],"yoast_head":"<!-- This site is optimized with the Yoast SEO plugin v27.2 - https:\/\/yoast.com\/product\/yoast-seo-wordpress\/ -->\n<title>Zweizimmerwohnung mit Garten n. 42 - Residence Dolce Vita<\/title>\n<meta name=\"robots\" content=\"index, follow, max-snippet:-1, max-image-preview:large, max-video-preview:-1\" \/>\n<link rel=\"canonical\" href=\"https:\/\/www.residence-dolcevita.com\/de\/a\/zweizimmerwohnung-mit-garten-n-42\/\" \/>\n<meta property=\"og:locale\" content=\"de_DE\" \/>\n<meta property=\"og:type\" content=\"article\" \/>\n<meta property=\"og:title\" content=\"Zweizimmerwohnung mit Garten n. 42 - Residence Dolce Vita\" \/>\n<meta property=\"og:description\" content=\"Die Wohnung kann bis 4 G\u00e4ste beherbergen, liegt im Erdgeschoss und besteht aus unabh\u00e4ngigem Eingang, gut beleuchtetem Wohnzimmer mit K\u00fcche, Doppelschlafzimmer, Badezimmer mit Dusche, Veranda mit Tisch und St\u00fchlen, Privat Garten. Innentreppe zum Kellergeschoss mit einem einzigen kleinen Fenster ohne Blick, zwei zus\u00e4tzliche Betten und Badezimmer mit Dusche.\" \/>\n<meta property=\"og:url\" content=\"https:\/\/www.residence-dolcevita.com\/de\/a\/zweizimmerwohnung-mit-garten-n-42\/\" \/>\n<meta property=\"og:site_name\" content=\"Residence Dolce Vita\" \/>\n<meta property=\"article:modified_time\" content=\"2026-04-19T08:32:42+00:00\" \/>\n<meta property=\"og:image\" content=\"https:\/\/www.residence-dolcevita.com\/wp-content\/uploads\/2021\/06\/pt-42-15.jpg\" \/>\n\t<meta property=\"og:image:width\" content=\"1500\" \/>\n\t<meta property=\"og:image:height\" content=\"1000\" \/>\n\t<meta property=\"og:image:type\" content=\"image\/jpeg\" \/>\n<meta name=\"twitter:card\" content=\"summary_large_image\" \/>\n<meta name=\"twitter:label1\" content=\"Gesch\u00e4tzte Lesezeit\" \/>\n\t<meta name=\"twitter:data1\" content=\"1\u00a0Minute\" \/>\n<script type=\"application\/ld+json\" class=\"yoast-schema-graph\">{\"@context\":\"https:\/\/schema.org\",\"@graph\":[{\"@type\":\"WebPage\",\"@id\":\"https:\/\/www.residence-dolcevita.com\/de\/a\/zweizimmerwohnung-mit-garten-n-42\/\",\"url\":\"https:\/\/www.residence-dolcevita.com\/de\/a\/zweizimmerwohnung-mit-garten-n-42\/\",\"name\":\"Zweizimmerwohnung mit Garten n. 42 - Residence Dolce Vita\",\"isPartOf\":{\"@id\":\"https:\/\/www.residence-dolcevita.com\/#website\"},\"primaryImageOfPage\":{\"@id\":\"https:\/\/www.residence-dolcevita.com\/de\/a\/zweizimmerwohnung-mit-garten-n-42\/#primaryimage\"},\"image\":{\"@id\":\"https:\/\/www.residence-dolcevita.com\/de\/a\/zweizimmerwohnung-mit-garten-n-42\/#primaryimage\"},\"thumbnailUrl\":\"https:\/\/www.residence-dolcevita.com\/wp-content\/uploads\/2021\/06\/pt-42-15.jpg\",\"datePublished\":\"2021-06-21T15:44:36+00:00\",\"dateModified\":\"2026-04-19T08:32:42+00:00\",\"breadcrumb\":{\"@id\":\"https:\/\/www.residence-dolcevita.com\/de\/a\/zweizimmerwohnung-mit-garten-n-42\/#breadcrumb\"},\"inLanguage\":\"de\",\"potentialAction\":[{\"@type\":\"ReadAction\",\"target\":[\"https:\/\/www.residence-dolcevita.com\/de\/a\/zweizimmerwohnung-mit-garten-n-42\/\"]}]},{\"@type\":\"ImageObject\",\"inLanguage\":\"de\",\"@id\":\"https:\/\/www.residence-dolcevita.com\/de\/a\/zweizimmerwohnung-mit-garten-n-42\/#primaryimage\",\"url\":\"https:\/\/www.residence-dolcevita.com\/wp-content\/uploads\/2021\/06\/pt-42-15.jpg\",\"contentUrl\":\"https:\/\/www.residence-dolcevita.com\/wp-content\/uploads\/2021\/06\/pt-42-15.jpg\",\"width\":1500,\"height\":1000},{\"@type\":\"BreadcrumbList\",\"@id\":\"https:\/\/www.residence-dolcevita.com\/de\/a\/zweizimmerwohnung-mit-garten-n-42\/#breadcrumb\",\"itemListElement\":[{\"@type\":\"ListItem\",\"position\":1,\"name\":\"Home\",\"item\":\"https:\/\/www.residence-dolcevita.com\/de\/\"},{\"@type\":\"ListItem\",\"position\":2,\"name\":\"Zweizimmerwohnung mit Garten n. 42\"}]},{\"@type\":\"WebSite\",\"@id\":\"https:\/\/www.residence-dolcevita.com\/#website\",\"url\":\"https:\/\/www.residence-dolcevita.com\/\",\"name\":\"Residence Dolce Vita\",\"description\":\"Un nuovo sito targato WordPress\",\"publisher\":{\"@id\":\"https:\/\/www.residence-dolcevita.com\/#organization\"},\"potentialAction\":[{\"@type\":\"SearchAction\",\"target\":{\"@type\":\"EntryPoint\",\"urlTemplate\":\"https:\/\/www.residence-dolcevita.com\/?s={search_term_string}\"},\"query-input\":{\"@type\":\"PropertyValueSpecification\",\"valueRequired\":true,\"valueName\":\"search_term_string\"}}],\"inLanguage\":\"de\"},{\"@type\":\"Organization\",\"@id\":\"https:\/\/www.residence-dolcevita.com\/#organization\",\"name\":\"Residence Dolce Vita\",\"url\":\"https:\/\/www.residence-dolcevita.com\/\",\"logo\":{\"@type\":\"ImageObject\",\"inLanguage\":\"de\",\"@id\":\"https:\/\/www.residence-dolcevita.com\/#\/schema\/logo\/image\/\",\"url\":\"https:\/\/www.residence-dolcevita.com\/wp-content\/uploads\/2021\/06\/logo-mail.png\",\"contentUrl\":\"https:\/\/www.residence-dolcevita.com\/wp-content\/uploads\/2021\/06\/logo-mail.png\",\"width\":200,\"height\":74,\"caption\":\"Residence Dolce Vita\"},\"image\":{\"@id\":\"https:\/\/www.residence-dolcevita.com\/#\/schema\/logo\/image\/\"}}]}<\/script>\n<!-- \/ Yoast SEO plugin. -->","yoast_head_json":{"title":"Zweizimmerwohnung mit Garten n. 42 - Residence Dolce Vita","robots":{"index":"index","follow":"follow","max-snippet":"max-snippet:-1","max-image-preview":"max-image-preview:large","max-video-preview":"max-video-preview:-1"},"canonical":"https:\/\/www.residence-dolcevita.com\/de\/a\/zweizimmerwohnung-mit-garten-n-42\/","og_locale":"de_DE","og_type":"article","og_title":"Zweizimmerwohnung mit Garten n. 42 - Residence Dolce Vita","og_description":"Die Wohnung kann bis 4 G\u00e4ste beherbergen, liegt im Erdgeschoss und besteht aus unabh\u00e4ngigem Eingang, gut beleuchtetem Wohnzimmer mit K\u00fcche, Doppelschlafzimmer, Badezimmer mit Dusche, Veranda mit Tisch und St\u00fchlen, Privat Garten. Innentreppe zum Kellergeschoss mit einem einzigen kleinen Fenster ohne Blick, zwei zus\u00e4tzliche Betten und Badezimmer mit Dusche.","og_url":"https:\/\/www.residence-dolcevita.com\/de\/a\/zweizimmerwohnung-mit-garten-n-42\/","og_site_name":"Residence Dolce Vita","article_modified_time":"2026-04-19T08:32:42+00:00","og_image":[{"width":1500,"height":1000,"url":"https:\/\/www.residence-dolcevita.com\/wp-content\/uploads\/2021\/06\/pt-42-15.jpg","type":"image\/jpeg"}],"twitter_card":"summary_large_image","twitter_misc":{"Gesch\u00e4tzte Lesezeit":"1\u00a0Minute"},"schema":{"@context":"https:\/\/schema.org","@graph":[{"@type":"WebPage","@id":"https:\/\/www.residence-dolcevita.com\/de\/a\/zweizimmerwohnung-mit-garten-n-42\/","url":"https:\/\/www.residence-dolcevita.com\/de\/a\/zweizimmerwohnung-mit-garten-n-42\/","name":"Zweizimmerwohnung mit Garten n. 42 - Residence Dolce Vita","isPartOf":{"@id":"https:\/\/www.residence-dolcevita.com\/#website"},"primaryImageOfPage":{"@id":"https:\/\/www.residence-dolcevita.com\/de\/a\/zweizimmerwohnung-mit-garten-n-42\/#primaryimage"},"image":{"@id":"https:\/\/www.residence-dolcevita.com\/de\/a\/zweizimmerwohnung-mit-garten-n-42\/#primaryimage"},"thumbnailUrl":"https:\/\/www.residence-dolcevita.com\/wp-content\/uploads\/2021\/06\/pt-42-15.jpg","datePublished":"2021-06-21T15:44:36+00:00","dateModified":"2026-04-19T08:32:42+00:00","breadcrumb":{"@id":"https:\/\/www.residence-dolcevita.com\/de\/a\/zweizimmerwohnung-mit-garten-n-42\/#breadcrumb"},"inLanguage":"de","potentialAction":[{"@type":"ReadAction","target":["https:\/\/www.residence-dolcevita.com\/de\/a\/zweizimmerwohnung-mit-garten-n-42\/"]}]},{"@type":"ImageObject","inLanguage":"de","@id":"https:\/\/www.residence-dolcevita.com\/de\/a\/zweizimmerwohnung-mit-garten-n-42\/#primaryimage","url":"https:\/\/www.residence-dolcevita.com\/wp-content\/uploads\/2021\/06\/pt-42-15.jpg","contentUrl":"https:\/\/www.residence-dolcevita.com\/wp-content\/uploads\/2021\/06\/pt-42-15.jpg","width":1500,"height":1000},{"@type":"BreadcrumbList","@id":"https:\/\/www.residence-dolcevita.com\/de\/a\/zweizimmerwohnung-mit-garten-n-42\/#breadcrumb","itemListElement":[{"@type":"ListItem","position":1,"name":"Home","item":"https:\/\/www.residence-dolcevita.com\/de\/"},{"@type":"ListItem","position":2,"name":"Zweizimmerwohnung mit Garten n. 42"}]},{"@type":"WebSite","@id":"https:\/\/www.residence-dolcevita.com\/#website","url":"https:\/\/www.residence-dolcevita.com\/","name":"Residence Dolce Vita","description":"Un nuovo sito targato WordPress","publisher":{"@id":"https:\/\/www.residence-dolcevita.com\/#organization"},"potentialAction":[{"@type":"SearchAction","target":{"@type":"EntryPoint","urlTemplate":"https:\/\/www.residence-dolcevita.com\/?s={search_term_string}"},"query-input":{"@type":"PropertyValueSpecification","valueRequired":true,"valueName":"search_term_string"}}],"inLanguage":"de"},{"@type":"Organization","@id":"https:\/\/www.residence-dolcevita.com\/#organization","name":"Residence Dolce Vita","url":"https:\/\/www.residence-dolcevita.com\/","logo":{"@type":"ImageObject","inLanguage":"de","@id":"https:\/\/www.residence-dolcevita.com\/#\/schema\/logo\/image\/","url":"https:\/\/www.residence-dolcevita.com\/wp-content\/uploads\/2021\/06\/logo-mail.png","contentUrl":"https:\/\/www.residence-dolcevita.com\/wp-content\/uploads\/2021\/06\/logo-mail.png","width":200,"height":74,"caption":"Residence Dolce Vita"},"image":{"@id":"https:\/\/www.residence-dolcevita.com\/#\/schema\/logo\/image\/"}}]}},"_links":{"self":[{"href":"https:\/\/www.residence-dolcevita.com\/de\/wp-json\/wp\/v2\/appartamento\/746","targetHints":{"allow":["GET"]}}],"collection":[{"href":"https:\/\/www.residence-dolcevita.com\/de\/wp-json\/wp\/v2\/appartamento"}],"about":[{"href":"https:\/\/www.residence-dolcevita.com\/de\/wp-json\/wp\/v2\/types\/appartamento"}],"wp:featuredmedia":[{"embeddable":true,"href":"https:\/\/www.residence-dolcevita.com\/de\/wp-json\/wp\/v2\/media\/1468"}],"wp:attachment":[{"href":"https:\/\/www.residence-dolcevita.com\/de\/wp-json\/wp\/v2\/media?parent=746"}],"wp:term":[{"taxonomy":"tipologia","embeddable":true,"href":"https:\/\/www.residence-dolcevita.com\/de\/wp-json\/wp\/v2\/tipologia?post=746"}],"curies":[{"name":"wp","href":"https:\/\/api.w.org\/{rel}","templated":true}]}}

<p>Die Wohnung kann bis 4 Gäste beherbergen, liegt im Erdgeschoss und besteht aus unabhängigem Eingang, gut beleuchtetem Wohnzimmer mit Küche, Doppelschlafzimmer, Badezimmer mit Dusche, Veranda mit Tisch und Stühlen, Privat Garten. Innentreppe zum Kellergeschoss mit einem einzigen kleinen Fenster ohne Blick, zwei zusätzliche Betten und Badezimmer mit Dusche.</p>

<!-- This site is optimized with the Yoast SEO plugin v27.2 - https://yoast.com/product/yoast-seo-wordpress/ -->
<title>Zweizimmerwohnung mit Garten n. 42 - Residence Dolce Vita</title>
<meta name="robots" content="index, follow, max-snippet:-1, max-image-preview:large, max-video-preview:-1" />
<link rel="canonical" href="https://www.residence-dolcevita.com/de/a/zweizimmerwohnung-mit-garten-n-42/" />
<meta property="og:locale" content="de_DE" />
<meta property="og:type" content="article" />
<meta property="og:title" content="Zweizimmerwohnung mit Garten n. 42 - Residence Dolce Vita" />
<meta property="og:description" content="Die Wohnung kann bis 4 Gäste beherbergen, liegt im Erdgeschoss und besteht aus unabhängigem Eingang, gut beleuchtetem Wohnzimmer mit Küche, Doppelschlafzimmer, Badezimmer mit Dusche, Veranda mit Tisch und Stühlen, Privat Garten. Innentreppe zum Kellergeschoss mit einem einzigen kleinen Fenster ohne Blick, zwei zusätzliche Betten und Badezimmer mit Dusche." />
<meta property="og:url" content="https://www.residence-dolcevita.com/de/a/zweizimmerwohnung-mit-garten-n-42/" />
<meta property="og:site_name" content="Residence Dolce Vita" />
<meta property="article:modified_time" content="2026-04-19T08:32:42+00:00" />
<meta property="og:image" content="https://www.residence-dolcevita.com/wp-content/uploads/2021/06/pt-42-15.jpg" />
	<meta property="og:image:width" content="1500" />
	<meta property="og:image:height" content="1000" />
	<meta property="og:image:type" content="image/jpeg" />
<meta name="twitter:card" content="summary_large_image" />
<meta name="twitter:label1" content="Geschätzte Lesezeit" />
	<meta name="twitter:data1" content="1 Minute" />
<script type="application/ld+json" class="yoast-schema-graph">{"@context":"https://schema.org","@graph":[{"@type":"WebPage","@id":"https://www.residence-dolcevita.com/de/a/zweizimmerwohnung-mit-garten-n-42/","url":"https://www.residence-dolcevita.com/de/a/zweizimmerwohnung-mit-garten-n-42/","name":"Zweizimmerwohnung mit Garten n. 42 - Residence Dolce Vita","isPartOf":{"@id":"https://www.residence-dolcevita.com/#website"},"primaryImageOfPage":{"@id":"https://www.residence-dolcevita.com/de/a/zweizimmerwohnung-mit-garten-n-42/#primaryimage"},"image":{"@id":"https://www.residence-dolcevita.com/de/a/zweizimmerwohnung-mit-garten-n-42/#primaryimage"},"thumbnailUrl":"https://www.residence-dolcevita.com/wp-content/uploads/2021/06/pt-42-15.jpg","datePublished":"2021-06-21T15:44:36+00:00","dateModified":"2026-04-19T08:32:42+00:00","breadcrumb":{"@id":"https://www.residence-dolcevita.com/de/a/zweizimmerwohnung-mit-garten-n-42/#breadcrumb"},"inLanguage":"de","potentialAction":[{"@type":"ReadAction","target":["https://www.residence-dolcevita.com/de/a/zweizimmerwohnung-mit-garten-n-42/"]}]},{"@type":"ImageObject","inLanguage":"de","@id":"https://www.residence-dolcevita.com/de/a/zweizimmerwohnung-mit-garten-n-42/#primaryimage","url":"https://www.residence-dolcevita.com/wp-content/uploads/2021/06/pt-42-15.jpg","contentUrl":"https://www.residence-dolcevita.com/wp-content/uploads/2021/06/pt-42-15.jpg","width":1500,"height":1000},{"@type":"BreadcrumbList","@id":"https://www.residence-dolcevita.com/de/a/zweizimmerwohnung-mit-garten-n-42/#breadcrumb","itemListElement":[{"@type":"ListItem","position":1,"name":"Home","item":"https://www.residence-dolcevita.com/de/"},{"@type":"ListItem","position":2,"name":"Zweizimmerwohnung mit Garten n. 42"}]},{"@type":"WebSite","@id":"https://www.residence-dolcevita.com/#website","url":"https://www.residence-dolcevita.com/","name":"Residence Dolce Vita","description":"Un nuovo sito targato WordPress","publisher":{"@id":"https://www.residence-dolcevita.com/#organization"},"potentialAction":[{"@type":"SearchAction","target":{"@type":"EntryPoint","urlTemplate":"https://www.residence-dolcevita.com/?s={search_term_string}"},"query-input":{"@type":"PropertyValueSpecification","valueRequired":true,"valueName":"search_term_string"}}],"inLanguage":"de"},{"@type":"Organization","@id":"https://www.residence-dolcevita.com/#organization","name":"Residence Dolce Vita","url":"https://www.residence-dolcevita.com/","logo":{"@type":"ImageObject","inLanguage":"de","@id":"https://www.residence-dolcevita.com/#/schema/logo/image/","url":"https://www.residence-dolcevita.com/wp-content/uploads/2021/06/logo-mail.png","contentUrl":"https://www.residence-dolcevita.com/wp-content/uploads/2021/06/logo-mail.png","width":200,"height":74,"caption":"Residence Dolce Vita"},"image":{"@id":"https://www.residence-dolcevita.com/#/schema/logo/image/"}}]}</script>
<!-- / Yoast SEO plugin. -->

Die Wohnung kann bis 4 Gäste beherbergen, liegt im Erdgeschoss und besteht aus unabhängigem Eingang, gut beleuchtetem Wohnzimmer mit Küche, Doppelschlafzimmer, Badezimmer mit Dusche, Veranda mit Tisch und Stühlen, Privat Garten. Innentreppe zum Kellergeschoss mit einem einzigen kleinen Fenster ohne Blick, zwei zusätzliche Betten und Badezimmer mit Dusche.
